{"id":690,"date":"2023-09-20T10:32:30","date_gmt":"2023-09-20T13:32:30","guid":{"rendered":"http:\/\/floricultura.chicoflores.com.br\/?page_id=690"},"modified":"2025-01-20T10:05:06","modified_gmt":"2025-01-20T13:05:06","slug":"entregas","status":"publish","type":"page","link":"https:\/\/floricultura.chicoflores.com.br\/index.php\/entregas\/","title":{"rendered":""},"content":{"rendered":"\n<p class=\"has-text-align-center\" style=\"font-size:30px\">Entregas e Transporte<\/p>\n\n\n\n<div class=\"wp-block-media-text alignwide has-media-on-the-right is-stacked-on-mobile { text-align: center }\" style=\"grid-template-columns:auto 29%\"><figure class=\"wp-block-media-text__media\"><img loading=\"lazy\" decoding=\"async\" width=\"594\" height=\"594\" src=\"http:\/\/floricultura.chicoflores.com.br\/wp-content\/uploads\/2023\/09\/Entregas.png\" alt=\"\" class=\"wp-image-744 size-full\" srcset=\"https:\/\/floricultura.chicoflores.com.br\/wp-content\/uploads\/2023\/09\/Entregas.png 594w, https:\/\/floricultura.chicoflores.com.br\/wp-content\/uploads\/2023\/09\/Entregas-300x300.png 300w, https:\/\/floricultura.chicoflores.com.br\/wp-content\/uploads\/2023\/09\/Entregas-150x150.png 150w, https:\/\/floricultura.chicoflores.com.br\/wp-content\/uploads\/2023\/09\/Entregas-60x60.png 60w, https:\/\/floricultura.chicoflores.com.br\/wp-content\/uploads\/2023\/09\/Entregas-540x540.png 540w\" sizes=\"auto, (max-width: 594px) 100vw, 594px\" \/><\/figure><div class=\"wp-block-media-text__content\">\n<p class=\"has-text-align-center\" style=\"font-size:16px\">Oferecemos duas op\u00e7\u00f5es de entregas via transportadora, de modo que ambas podem ser rastreadas em tempo real:<\/p>\n\n\n\n<p class=\"has-text-align-center\" style=\"font-size:16px\"><strong>Retirada no Balc\u00e3o<\/strong>: Gr\u00e1tis*<\/p>\n\n\n\n<p class=\"has-text-align-center\" style=\"font-size:10px\">*Pr\u00f3ximo ao seu bairro, geralmente no Centro de sua cidade (Consulte).<\/p>\n\n\n\n<p class=\"has-text-align-center\" style=\"font-size:16px\"><strong>Entrega em M\u00e3os<\/strong>: r$18,99*<\/p>\n\n\n\n<p class=\"has-text-align-center\" style=\"font-size:10px\">*Valor por pe\u00e7a, embalada individualmente. **V\u00e1lido apenas para o Estado de S\u00e3o Paulo e Sul de Minas Gerais. <\/p>\n<\/div><\/div>\n\n\n\n<p class=\"has-text-align-center\" style=\"font-size:30px\">Prazos e Garantia<\/p>\n\n\n\n<div class=\"wp-block-media-text alignwide is-stacked-on-mobile\" style=\"grid-template-columns:29% auto\"><figure class=\"wp-block-media-text__media\"><img loading=\"lazy\" decoding=\"async\" width=\"1024\" height=\"1024\" src=\"http:\/\/floricultura.chicoflores.com.br\/wp-content\/uploads\/2023\/09\/Encomendas-1024x1024.png\" alt=\"\" class=\"wp-image-757 size-full\" srcset=\"https:\/\/floricultura.chicoflores.com.br\/wp-content\/uploads\/2023\/09\/Encomendas-1024x1024.png 1024w, https:\/\/floricultura.chicoflores.com.br\/wp-content\/uploads\/2023\/09\/Encomendas-300x300.png 300w, https:\/\/floricultura.chicoflores.com.br\/wp-content\/uploads\/2023\/09\/Encomendas-150x150.png 150w, https:\/\/floricultura.chicoflores.com.br\/wp-content\/uploads\/2023\/09\/Encomendas-768x768.png 768w, https:\/\/floricultura.chicoflores.com.br\/wp-content\/uploads\/2023\/09\/Encomendas-60x60.png 60w, https:\/\/floricultura.chicoflores.com.br\/wp-content\/uploads\/2023\/09\/Encomendas-800x800.png 800w, https:\/\/floricultura.chicoflores.com.br\/wp-content\/uploads\/2023\/09\/Encomendas-540x540.png 540w, https:\/\/floricultura.chicoflores.com.br\/wp-content\/uploads\/2023\/09\/Encomendas.png 1318w\" sizes=\"auto, (max-width: 1024px) 100vw, 1024px\" \/><\/figure><div class=\"wp-block-media-text__content\">\n<p class=\"has-text-align-center\" style=\"font-size:16px\">Despachamos nossas encomendas, sempre, de Segunda \u00e0 Quarta-feira, no per\u00edodo da manh\u00e3. Isso evita que as plantinhas fiquem nos dep\u00f3sitos da Transportadora nos finais de semana.<\/p>\n\n\n\n<p class=\"has-text-align-center\" style=\"font-size:16px\">A estimativa oferecida por nossa Transportadora \u00e9 de 3\/4 dias \u00daTEIS, aproximadamente. Sempre considerando o dia seguinte \u00e0 postagem da encomenda.<\/p>\n\n\n\n<p class=\"has-text-align-center\" style=\"font-size:16px\">\u00c9 importante lembrar que as <strong>transportadoras n\u00e3o trabalham com datas fixas <\/strong>de entrega, apenas com estimativas aproximadas.<\/p>\n\n\n\n<p class=\"has-text-align-center\" style=\"font-size:16px\">Em casos excepcionais de extravio, por parte da transportadora, oferecemos a total garantia de um novo reenvio.<\/p>\n<\/div><\/div>\n\n\n\n<p class=\"has-text-align-center\" style=\"font-size:30px\">Dicas e Cuidados<\/p>\n\n\n\n<div class=\"wp-block-media-text alignwide has-media-on-the-right is-stacked-on-mobile\" style=\"grid-template-columns:auto 29%\"><figure class=\"wp-block-media-text__media\"><img loading=\"lazy\" decoding=\"async\" width=\"1024\" height=\"1024\" src=\"http:\/\/floricultura.chicoflores.com.br\/wp-content\/uploads\/2023\/09\/woman-watering-flowers-royalty-free-image-1619511241_-1024x1024.jpg\" alt=\"\" class=\"wp-image-747 size-full\" srcset=\"https:\/\/floricultura.chicoflores.com.br\/wp-content\/uploads\/2023\/09\/woman-watering-flowers-royalty-free-image-1619511241_-1024x1024.jpg 1024w, https:\/\/floricultura.chicoflores.com.br\/wp-content\/uploads\/2023\/09\/woman-watering-flowers-royalty-free-image-1619511241_-300x300.jpg 300w, https:\/\/floricultura.chicoflores.com.br\/wp-content\/uploads\/2023\/09\/woman-watering-flowers-royalty-free-image-1619511241_-150x150.jpg 150w, https:\/\/floricultura.chicoflores.com.br\/wp-content\/uploads\/2023\/09\/woman-watering-flowers-royalty-free-image-1619511241_-768x769.jpg 768w, https:\/\/floricultura.chicoflores.com.br\/wp-content\/uploads\/2023\/09\/woman-watering-flowers-royalty-free-image-1619511241_-60x60.jpg 60w, https:\/\/floricultura.chicoflores.com.br\/wp-content\/uploads\/2023\/09\/woman-watering-flowers-royalty-free-image-1619511241_-800x800.jpg 800w, https:\/\/floricultura.chicoflores.com.br\/wp-content\/uploads\/2023\/09\/woman-watering-flowers-royalty-free-image-1619511241_-540x540.jpg 540w, https:\/\/floricultura.chicoflores.com.br\/wp-content\/uploads\/2023\/09\/woman-watering-flowers-royalty-free-image-1619511241_.jpg 1414w\" sizes=\"auto, (max-width: 1024px) 100vw, 1024px\" \/><\/figure><div class=\"wp-block-media-text__content\">\n<p class=\"has-text-align-center\" style=\"font-size:16px\">Sua plantinha chegou!? Agora \u00e9 importante observar os primeiros cuidados em virtude do per\u00edodo em que ela esteve em transporte. Primeiramente, \u00e9 importante que ela seja bem regada e colocada em um lugar com bastante luz natural, mas n\u00e3o diretamente ao sol.<\/p>\n\n\n\n<p class=\"has-text-align-center\" style=\"font-size:16px\">Ap\u00f3s o segundo dia, escolha o lugar &#8220;definitivo&#8221; onde ela ir\u00e1 morar. Com o passar dos dias, observe se ela ficou bem no lugar escolhido; e se for necess\u00e1rio, troque o lugar; as plantinhas sempre sabem o melhor lugar onde querem ficar.<\/p>\n\n\n\n<p class=\"has-text-align-center\" style=\"font-size:16px\">Ap\u00f3s algumas semanas sua plantinha estar\u00e1 adaptada a sua nova morada, ent\u00e3o \u00e9 o momento de fazer a troca do substrato do vaso por uma nova Terra Vegetal (Org\u00e2nica) ou mesmo de seu quintal. Feito isso, \u00e9 muito importante regas regulares.<\/p>\n\n\n\n<p class=\"has-text-align-center\" style=\"font-size:16px\">As <strong>embalagens<\/strong> utilizadas no transporte de sua plantinha s\u00e3o produtos de reciclagem. \u00c9 importante que voc\u00ea continue este ciclo, reutilizando-as de modo criativo.<\/p>\n<\/div><\/div>\n\n\n\n<pre class=\"wp-block-verse has-text-align-center has-black-color has-white-background-color has-text-color has-background\" style=\"font-size:15px\"><em>\"O amor \u00e9 uma sementinha\n... se regar, floresce\"<\/em><\/pre>\n\n\n\n<div class=\"wp-block-group\"><div class=\"wp-block-group__inner-container is-layout-flow wp-block-group-is-layout-flow\"><\/div><\/div>\n\n\n\n<p class=\"has-text-align-center\" style=\"font-size:11px\">S\u00edtio dos Ip\u00eas \u00a9<\/p>\n","protected":false},"excerpt":{"rendered":"<p>Entregas e Transporte Oferecemos duas op\u00e7\u00f5es de entregas via transportadora, de modo que ambas podem ser rastreadas em tempo real: Retirada no Balc\u00e3o: Gr\u00e1tis* *Pr\u00f3ximo ao seu bairro, geralmente no Centro de sua cidade (Consulte). Entrega em M\u00e3os: r$18,99* *Valor por pe\u00e7a, embalada individualmente. **V\u00e1lido apenas para o Estado de S\u00e3o Paulo e Sul de &hellip; <\/p>\n","protected":false},"author":1,"featured_media":0,"parent":0,"menu_order":0,"comment_status":"closed","ping_status":"closed","template":"","meta":{"om_disable_all_campaigns":false,"_monsterinsights_skip_tracking":false,"_monsterinsights_sitenote_active":false,"_monsterinsights_sitenote_note":"","_monsterinsights_sitenote_category":0,"footnotes":""},"class_list":["post-690","page","type-page","status-publish","hentry"],"aioseo_notices":[],"_links":{"self":[{"href":"https:\/\/floricultura.chicoflores.com.br\/index.php\/wp-json\/wp\/v2\/pages\/690","targetHints":{"allow":["GET"]}}],"collection":[{"href":"https:\/\/floricultura.chicoflores.com.br\/index.php\/wp-json\/wp\/v2\/pages"}],"about":[{"href":"https:\/\/floricultura.chicoflores.com.br\/index.php\/wp-json\/wp\/v2\/types\/page"}],"author":[{"embeddable":true,"href":"https:\/\/floricultura.chicoflores.com.br\/index.php\/wp-json\/wp\/v2\/users\/1"}],"replies":[{"embeddable":true,"href":"https:\/\/floricultura.chicoflores.com.br\/index.php\/wp-json\/wp\/v2\/comments?post=690"}],"version-history":[{"count":40,"href":"https:\/\/floricultura.chicoflores.com.br\/index.php\/wp-json\/wp\/v2\/pages\/690\/revisions"}],"predecessor-version":[{"id":948,"href":"https:\/\/floricultura.chicoflores.com.br\/index.php\/wp-json\/wp\/v2\/pages\/690\/revisions\/948"}],"wp:attachment":[{"href":"https:\/\/floricultura.chicoflores.com.br\/index.php\/wp-json\/wp\/v2\/media?parent=690"}],"curies":[{"name":"wp","href":"https:\/\/api.w.org\/{rel}","templated":true}]}}